 g + 1, 0 = -4*g - 4*i - 18 - 2. Let x = 26 + -23. Let r(h) = 2*h - 7*h**2 + 5 - 2*h + h**x + 13*h**2. Give r(g).
5
Let l(c) = -6*c - c**2 - 3*c + 5 + 3*c. Let i = 394 + -400. Determine l(i).
5
Let x(r) = 21*r + 11. Let l(h) = 60*h + 31. Let u(t) = -6*l(t) + 17*x(t). Determine u(-1).
4
Let f(i) = i**2 - 2*i - 7. Suppose 8 = -2*v, -3*m = -39*v + 41*v - 10. Calculate f(m).
17
Suppose -55 - 145 = -5*m. Let k(d) = m*d**2 - 10 - d - 39*d**2 - 5. Give k(0).
-15
Let v(s) = -5*s - 10. Let k(g) = g**3 + 20*g**2 + 33*g - 57. Let i be k(-18). Determine v(i).
5
Let n(t) be the third derivative of t**4/24 - t**3/6 - 299*t**2. Calculate n(-1).
-2
Suppose 0 = -5*h + 160 - 165. Let o(x) = -5*x**3 + x**2. What is o(h)?
6
Let c(j) = 3 - 2*j**2 - 4 - 2*j + 5*j + 3. Let f(k) = k**3 + k**2 - 23*k - 12. Let b be f(-5). Determine c(b).
-7
Let u(i) = 34*i - 479. Let s be u(14). Let o(h) = 2*h - 2. Give o(s).
-8
Let p(b) = 3*b + 9*b**2 - 3*b. Let n be 10/5*(-1 - 0). Let q be (4/8*-4)/n. Determine p(q).
9
Let h(l) be the second derivative of l**3/2 - 9*l**2/2 + l - 119. Give h(-5).
-24
Let k(f) = 6*f**2 + 5*f - 1. Let h(n) = n**2 + n. Let z(y) = -22*h(y) + 4*k(y). Let d(w) be the first derivative of z(w). Determine d(2).
6
Let d = 791 - 795. Let n(l) = l**2 + 5*l + 3. What is n(d)?
-1
Suppose 0 = 5*x + 4 + 1. Let v be 9 - 19 - (x + -2). Let a(i) = 4*i**2 + 9*i + 7. Let c(k) = 11*k**2 + 27*k + 22. Let g(b) = -8*a(b) + 3*c(b). Determine g(v).
-4
Let l(n) = 0*n**2 - 2*n - 3*n**2 - n**2 + 7*n**2 - 2*n**2 - 6. Suppose -m + 10 = 4*m. Let x(t) = 2*t**2 - 3*t + 3. Let j be x(m). Give l(j).
9
Let n(j) = j**3 - 8*j**2 + 8*j - 15. Let q be n(7). Let v be 12*(1 - q/(-12)). Let x(s) = -v*s - 3*s**2 - 3*s + 4*s**2 + 10*s + 5. Give x(-4).
9
Let j(x) be the first derivative of 1 - x - 3/4*x**4 + 0*x**2 + 1/3*x**3. Give j(-1).
3
Let v(s) be the third derivative of -13*s**4/24 - 2*s**2 + 293*s. What is v(1)?
-13
Let o be (1/2)/((-16)/32). Let l(c) = -25*c + 9. Let m(v) be the second derivative of -v**3 + v**2 + 5*v. Let p(g) = 2*l(g) - 9*m(g). Determine p(o).
-4
Let q(r) = 5*r**3 - 4*r - 2*r**2 + 5*r + 0*r. Suppose 3*m - 96 = -93. Give q(m).
4
Let b be 2/(-6) + (-64)/(-12) + 1. Suppose -h - b = -0*h. Let a(t) = -t + 1. Calculate a(h).
7
Suppose -1 + 0 = -l. Let p(r) = -7*r**2 - r + 2. Let t(h) = -1. Let a(d) = p(d) + 2*t(d). Calculate a(l).
-8
Suppose -4*o + 2*n = 7*n - 42, -4 = -2*n. Suppose 2*l = -2*l - o. Let k be (l/4)/((-7)/(-28)). Let t(v) = v**2 + 2*v. Give t(k).
0
Let s = -463 + 467. Let y(t) be the first derivative of -2 - 1/3*t**3 - 4*t + 3/2*t**2. Determine y(s).
-8
Let t(k) = -k**3 + 5*k + 1. Let d be t(4). Let c = d + 51. Let b(m) = -m**2 + 8*m + 3. Give b(c).
3
Suppose 0 = 12*n + 26 + 46. Let d(q) = -q**3 - 7*q**2 - 7*q + 2. Determine d(n).
8
Let y be (-2 - (-16)/6)*(-15 - 105). Let t be y/(-15) - ((-3)/(-1))/9. Let w(s) = -s**2 + 5*s - 3. Calculate w(t).
-3
Let b(m) = -7*m**2 + 23*m - 25. Let u(w) = 3*w**2 - 10*w + 11. Let n(i) = -4*b(i) - 9*u(i). Give n(-4).
25
Let s(z) = z**2 + 11*z + 10. Let a be s(-10). Suppose q - 7 = l, -2*q + 0*q - l + 5 = a. Let f(i) = 0 - 1 - 5*i - 2 + 2*i**2. Calculate f(q).
9
Let p = 410 + -416. Let a(t) = 2*t**3 + 7*t**2 + 10*t - 7. Let n(y) = -y**3 - 3*y**2 - 5*y + 3. Let q(j) = 4*a(j) + 7*n(j). Give q(p).
-1
Let f(p) = -3*p**2 + 5*p - 2. Let z = -15 - -17. Suppose -6 = z*n + 3*j, -4*j = 4*n + j + 8. Give f(n).
-14
Let m be (-1)/(7/(-2))*7. Let v = -24 + 39. Suppose 4*y - v - 3 = -2*u, -y + 12 = m*u. Let r(q) = -2*q**3 + 2*q**2 - 1. Calculate r(y).
-9
Suppose 0 = 11*q - 7*q + 20. Let a = 12 + q. Let d(m) = 2*m + 0*m + 1 + 2 - a*m. Give d(2).
-7
Let z(l) be the first derivative of -l**4/4 + 4*l**3/3 + 45. Give z(4).
0
Let z(o) = 14*o**3 - 26*o**2 + 12*o + 3. Let q(u) = 5*u**3 - 9*u**2 + 4*u + 1. Let v(x) = -11*q(x) + 4*z(x). Give v(4).
1
Let z(f) = 21*f**2 + 9. Let k(u) = 17*u**2 + 8. Let r(q) = -5*k(q) + 4*z(q). Determine r(6).
-40
Let m(y) = y**2 - 7*y + 7. Let q(f) = -f**2 - 16*f + 6. Suppose 66 = 4*s + 10. Let l = s - 30. Let d be q(l). Give m(d).
1
Let r(t) = 32 + 5*t - 28 + 10*t**2 - 11*t**2. Calculate r(3).
10
Suppose -j + 1 = 4. Let z(h) be the first derivative of -1 + 3*h + h - h - 2*h + h**2. What is z(j)?
-5
Let m(g) be the first derivative of g**3/3 + g**2/2 + 2*g + 54. Let k be 0/(-3 + 3 + -2). Let w be k/2 + (6 - 6). Determine m(w).
2
Let r(s) = -4*s - 1. Let f be r(1). Let h(k) = -17 + 4*k + 50 - 20 - 12 + 0*k. Calculate h(f).
-19
Let x(c) = 6*c**3 - 2*c**2 + 1. Let y(t) = 5*t**3 - t**2 + 1. Let s(q) = -6*x(q) + 7*y(q). Let k = 4 + -8. Let i be 0/(-1) + 1 - k. Give s(i).
1
Let p(q) = q**3 - 2*q**2 - q - 17. Let f(h) = h**3 - 3*h**2 - h - 18. Let i(n) = 3*f(n) - 4*p(n). Let a be 0/2 - 0/2. Calculate i(a).
14
Suppose -2*y = -2*a - 0*y + 12, -18 = -a + 5*y. Let f(n) = -a*n - 1 + 0*n + 2*n. Let r be (2/2)/(7/(-21)). Give f(r).
2
Let j(w) = 66*w - 41*w - 28*w - 19. What is j(-8)?
5
Let y(j) = -11*j + 25*j**2 - 11*j**2 - 10*j**2 - 18. Let z(d) = 6*d**2 - 16*d - 26. Let h(x) = 7*y(x) - 5*z(x). What is h(-3)?
-23
Let m(a) be the second derivative of a**4/24 - 5*a**3/6 + 3*a**2/2 - 7*a. Let l(u) be the first derivative of m(u). Determine l(0).
-5
Let z(h) be the third derivative of -h**6/120 + h**5/20 + h**4/24 - 7*h**3/6 + 7*h**2. Let j be z(3). Let f(x) = 5*x + 5 - 2*x + 0*x. What is f(j)?
-7
Let r(p) = -15*p**3 + 3*p**2 - 6*p. Let u(o) = 13*o**3 - 3*o**2 + 4*o. Let k(t) = -3*r(t) - 4*u(t). Calculate k(-1).
8
Suppose 2*l = -3*l + 10, 0 = -3*m - 2*l + 4. Let n(c) = c + 20. Let j be n(m). Let h be j/(-8)*(0 + 2). Let i(z) = z**2 + 7*z + 4. Calculate i(h).
-6
Let b(z) = -3*z**2. Let h(u) = 17*u**2 - 2*u. Let k(y) = 6*b(y) + h(y). What is k(-2)?
0
Let l = -9 + -1. Let u = l - -8. Let q(g) be the first derivative of g**2/2 + 4*g - 1. Give q(u).
2
Let t(n) be the third derivative of -n**5/60 + n**4/24 + n**3/3 - 48*n**2. What is t(-2)?
-4
Suppose -4 = j - 0, a + 5*j + 26 = 0. Let f(z) be the third derivative of 7/6*z**3 + 1/24*z**4 - 3*z**2 + 0*z + 0. Calculate f(a).
1
Let k = -20 + 32. Suppose 3*x = -k - 9. Let q(i) = 2*i - 6. Determine q(x).
-20
Let p(d) = d**2 - d. Let g(j) = 2 - 4 + 3*j + 5*j + 3. Let k(y) = g(y) + p(y). Determine k(-7).
1
Suppose -4*i - 4*r + 16 = 0, -r = -2*i + 10 + 7. Let c(g) = -6*g + g - 6 - 3*g + 7*g. What is c(i)?
-13
Let k(l) = 3*l - 5. Suppose -1799 = r - 1799. Give k(r).
-5
Let p(f) be the first derivative of -5*f**2/2 - 32*f - 20. Determine p(-7).
3
Let u(w) = 36*w + 32*w - 103*w + 37*w. Calculate u(0).
0
Let i be (-1)/(2 + -1) - 0. Let u(o) = 6*o + 1. Let p be u(i). Let x(y) = y. Let q(g) = g**3 + 6*g**2 + 5*g - 1. Let k(f) = -q(f) - 2*x(f). Calculate k(p).
11
Let s(x) = 2 - 3 - 2 + x. Let y = 1846 - 1842. Give s(y).
1
Let p(t) = -8*t + 2 + 7*t + 15. Let z be p(11). Let w(o) = -o**2 + 6*o + 6. What is w(z)?
6
Let l(q) = q**2 - 3*q - 11. Let j be l(6). Let v(h) = -5 + 21*h**2 - 22*h**2 - 1 + 7*h. Give v(j).
-6
Let c(q) = q. Let t(d) = 5. Let l(v) = -4*c(v) + t(v). Let h be (750/(-45))/(-10)*(4 - 1). Determine l(h).
-15
Let g(a) be the second derivative of a**6/360 - a**5/60 - 5*a**4/24 - a**3/3 + a. Let y(f) be the second derivative of g(f). Let o = -374 + 379. Calculate y(o).
10
Suppose -u + f + 5 = 0, 11*u + 24 = 16*u - 4*f. Let v(d) = d**3 - d**2 - 5*d + 2. Calculate v(u).
30
Let g(o) be the third derivative of o**6/120 + 7*o**5/60 - 7*o**4/24 + o**3/6 - 51*o**2 - o. Calculate g(-8).
-7
Let z(f) = 14*f - 33. Let y(l) = 5*l - 11. Let a(r) = 11*y(r) - 4*z(r). Let u(q) = q**3 + 13*q**2 - q - 2. Let v be u(-13). What is a(v)?
0
Suppose 126*p - 120*p = 36. Let c(s) = 0 - 8 - s + 3*s. What is c(p)?
4
Let h(u) = -u + 2. Suppose -2*a - 3*n - 12 = -5*a, -2 = -5*a - 4*n. Let z be h(a). Let t(r) = r**3 + 3*r**3 + r**2 + z*r**3. Give t(1).
5
Let v be (-2)/10 + (-360)/(-50). Let d(s) = s**2 + 3*s + 5 - s**3 - s - v*s**2. Let i(o) = o**2 + 6*o + 3. Let z be i(-3). Calculate d(z).
-7
Let u = 66 + -66. Suppose u*j = 15*j - 120. Let v(w) = -w**3 + 7*w**2 + 7*w - 1. Determine v(j).
-9
Let u(b) = b**3 + 3. Let z be u(-2). Let l(n) = n + 2*n - 3*n**3 + 3*n - 4*n**2 + 2*n**3 + 7. Calculate l(z).
2
Let s(l) be the first derivative of -5*l**3/3 + l**2/2 + l + 238. Suppose 0*v + v = -1. Determine s(v).
-5
Let i(o) = -14 + o -